{"id":6713,"date":"2022-11-29T19:28:09","date_gmt":"2022-11-30T00:28:09","guid":{"rendered":"https:\/\/networkssl.com\/?page_id=6713"},"modified":"2025-10-09T15:20:38","modified_gmt":"2025-10-09T20:20:38","slug":"6713-2","status":"publish","type":"page","link":"https:\/\/networkssl.com\/index.php\/6713-2\/","title":{"rendered":"Precios Geotrust"},"content":{"rendered":"\n[et_pb_section fb_built=\u00bb1&#8243; _builder_version=\u00bb4.17.6&#8243; _module_preset=\u00bbdefault\u00bb global_colors_info=\u00bb{}\u00bb custom_padding=\u00bb||0px|||\u00bb][et_pb_row column_structure=\u00bb1_2,1_2&#8243; _builder_version=\u00bb4.17.6&#8243; _module_preset=\u00bbdefault\u00bb global_colors_info=\u00bb{}\u00bb][et_pb_column type=\u00bb1_2&#8243; _builder_version=\u00bb4.17.6&#8243; _module_preset=\u00bbdefault\u00bb global_colors_info=\u00bb{}\u00bb][et_pb_text _builder_version=\u00bb4.17.6&#8243; _module_preset=\u00bbdefault\u00bb text_font=\u00bbPoppins||||||||\u00bb header_font=\u00bbPoppins|700|||||||\u00bb header_text_align=\u00bbcenter\u00bb header_font_size=\u00bb40px\u00bb header_5_font=\u00bbPoppins|700|||||||\u00bb inline_fonts=\u00bbPoppins\u00bb global_colors_info=\u00bb{}\u00bb]<h1 style=\"text-align: center;\"><span>AlphaSSL <\/span><span>\u00a0(DV)<\/span><\/h1>\n<p><span><\/span><\/p>\n<h5><span style=\"font-family: Poppins;\">Un certificado de emisi\u00f3n r\u00e1pida y ultra confiable.\u00a0<\/span><\/h5>[\/et_pb_text][\/et_pb_column][et_pb_column type=\u00bb1_2&#8243; _builder_version=\u00bb4.17.6&#8243; _module_preset=\u00bbdefault\u00bb global_colors_info=\u00bb{}\u00bb][et_pb_image src=\u00bbhttps:\/\/networkssl.com\/wp-content\/uploads\/2022\/11\/logoglobal.png\u00bb alt=\u00bbLogo\u00bb title_text=\u00bblogoglobal\u00bb align=\u00bbcenter\u00bb _builder_version=\u00bb4.17.6&#8243; _module_preset=\u00bbdefault\u00bb global_colors_info=\u00bb{}\u00bb][\/et_pb_image][\/et_pb_column][\/et_pb_row][\/et_pb_section][et_pb_section fb_built=\u00bb1&#8243; _builder_version=\u00bb4.17.6&#8243; _module_preset=\u00bbdefault\u00bb custom_padding=\u00bb0px|||||\u00bb global_colors_info=\u00bb{}\u00bb][et_pb_row column_structure=\u00bb1_2,1_2&#8243; use_custom_gutter=\u00bbon\u00bb gutter_width=\u00bb1&#8243; _builder_version=\u00bb4.17.6&#8243; _module_preset=\u00bbdefault\u00bb border_radii=\u00bbon|6px|6px|6px|6px\u00bb global_colors_info=\u00bb{}\u00bb][et_pb_column type=\u00bb1_2&#8243; _builder_version=\u00bb4.17.6&#8243; _module_preset=\u00bbdefault\u00bb global_colors_info=\u00bb{}\u00bb][et_pb_accordion icon_color=\u00bb#E09900&#8243; _builder_version=\u00bb4.17.6&#8243; _module_preset=\u00bbdefault\u00bb toggle_font=\u00bbPoppins|700|||||||\u00bb toggle_font_size=\u00bb20px\u00bb background_color=\u00bb#FFFFFF\u00bb border_radii=\u00bbon|6px|6px|6px|6px\u00bb box_shadow_style=\u00bbpreset1&#8243; global_colors_info=\u00bb{}\u00bb][et_pb_accordion_item title=\u00bb$72.765, 1 a\u00f1o \u00bb open=\u00bboff\u00bb _builder_version=\u00bb4.17.6&#8243; _module_preset=\u00bbdefault\u00bb link_option_url=\u00bbhttps:\/\/networkssl.com\/index.php\/producto\/6088\/\u00bb global_colors_info=\u00bb{}\u00bb][\/et_pb_accordion_item][et_pb_accordion_item title=\u00bb $127.387, 2 a\u00f1os.               Ahorra $18.143&#8243; _builder_version=\u00bb4.17.6&#8243; _module_preset=\u00bbdefault\u00bb global_colors_info=\u00bb{}\u00bb open=\u00bbon\u00bb][\/et_pb_accordion_item][et_pb_accordion_item title=\u00bb $181.913, 3 a\u00f1os     Ahorra $36.382&#8243; _builder_version=\u00bb4.17.6&#8243; _module_preset=\u00bbdefault\u00bb global_colors_info=\u00bb{}\u00bb open=\u00bboff\u00bb][\/et_pb_accordion_item][et_pb_accordion_item title=\u00bb $236.535, 4 a\u00f1os             Ahorra $54.525&#8243; _builder_version=\u00bb4.17.6&#8243; _module_preset=\u00bbdefault\u00bb global_colors_info=\u00bb{}\u00bb open=\u00bboff\u00bb][\/et_pb_accordion_item][et_pb_accordion_item title=\u00bb $291.060, 5 a\u00f1os            Ahorra $72.765&#8243; _builder_version=\u00bb4.17.6&#8243; _module_preset=\u00bbdefault\u00bb global_colors_info=\u00bb{}\u00bb open=\u00bboff\u00bb][\/et_pb_accordion_item][\/et_pb_accordion][\/et_pb_column][et_pb_column type=\u00bb1_2&#8243; _builder_version=\u00bb4.17.6&#8243; _module_preset=\u00bbdefault\u00bb global_colors_info=\u00bb{}\u00bb][et_pb_text _builder_version=\u00bb4.17.6&#8243; _module_preset=\u00bbdefault\u00bb text_font=\u00bbPoppins||||||||\u00bb text_text_color=\u00bb#000000&#8243; text_font_size=\u00bb18px\u00bb header_font=\u00bbPoppins||||||||\u00bb custom_padding=\u00bb12px|||40px|false|false\u00bb global_colors_info=\u00bb{}\u00bb]<ul>\n<li><span><strong>Tipo de Validaci\u00f3n:<\/strong>\u00a0DV<\/span><span><\/span><\/li>\n<\/ul>\n<p>___________________<span><\/span><\/p>\n<ul>\n<li><span><strong>Reedici\u00f3n:<\/strong>\u00a0ilimitada<\/span><\/li>\n<\/ul>\n<p>___________________<span><\/span><\/p>\n<ul>\n<li><span><strong>Emisi\u00f3n:<\/strong> 5 minutos<\/span><span><\/span><\/li>\n<\/ul>\n<p>___________________<span><\/span><\/p>\n<p><span><\/span><\/p>\n<ul>\n<li><span><strong>Garant\u00eda:<\/strong>\u00a0$50,000<\/span><\/li>\n<\/ul>[\/et_pb_text][\/et_pb_column][\/et_pb_row][\/et_pb_section][et_pb_section fb_built=\u00bb1&#8243; _builder_version=\u00bb4.17.6&#8243; _module_preset=\u00bbdefault\u00bb custom_padding=\u00bb0px||4px|||\u00bb global_colors_info=\u00bb{}\u00bb][et_pb_row _builder_version=\u00bb4.17.6&#8243; _module_preset=\u00bbdefault\u00bb custom_padding=\u00bb0px|||||\u00bb global_colors_info=\u00bb{}\u00bb][et_pb_column type=\u00bb4_4&#8243; _builder_version=\u00bb4.17.6&#8243; _module_preset=\u00bbdefault\u00bb global_colors_info=\u00bb{}\u00bb][et_pb_text _builder_version=\u00bb4.17.6&#8243; _module_preset=\u00bbdefault\u00bb header_font=\u00bbPoppins|700|||||||\u00bb background_color=\u00bb#e8eaf6&#8243; custom_padding=\u00bb10px|||10px|false|false\u00bb border_radii=\u00bbon|6px|6px|6px|6px\u00bb global_colors_info=\u00bb{}\u00bb]<h1>Descripci\u00f3n del Producto<\/h1>[\/et_pb_text][\/et_pb_column][\/et_pb_row][\/et_pb_section][et_pb_section fb_built=\u00bb1&#8243; _builder_version=\u00bb4.17.6&#8243; _module_preset=\u00bbdefault\u00bb background_color=\u00bb#000926&#8243; global_colors_info=\u00bb{}\u00bb custom_padding=\u00bb0px|||||\u00bb][et_pb_row column_structure=\u00bb1_3,1_3,1_3&#8243; _builder_version=\u00bb4.17.6&#8243; _module_preset=\u00bbdefault\u00bb global_colors_info=\u00bb{}\u00bb][et_pb_column type=\u00bb1_3&#8243; _builder_version=\u00bb4.17.6&#8243; _module_preset=\u00bbdefault\u00bb global_colors_info=\u00bb{}\u00bb][et_pb_text _builder_version=\u00bb4.17.6&#8243; _module_preset=\u00bbdefault\u00bb text_font=\u00bbPoppins||||||||\u00bb text_text_color=\u00bb#FFFFFF\u00bb header_3_font=\u00bbPoppins|600|||||||\u00bb header_3_text_color=\u00bb#FFFFFF\u00bb custom_padding=\u00bb||0px|||\u00bb global_colors_info=\u00bb{}\u00bb]<h3><span>Garant\u00eda y autenticaci\u00f3n.<\/span><\/h3>\n<p>Proteja transacciones, inicios de sesi\u00f3n y m\u00e1s en menos de 3 minutos.\u00a0<\/p>\n<p>Todos los navegadores y dispositivos m\u00f3viles populares conf\u00edan transparentemente en AlphaSSL<\/p>\n<p style=\"text-align: justify;\"><\/p>[\/et_pb_text][\/et_pb_column][et_pb_column type=\u00bb1_3&#8243; _builder_version=\u00bb4.17.6&#8243; _module_preset=\u00bbdefault\u00bb global_colors_info=\u00bb{}\u00bb][et_pb_text _builder_version=\u00bb4.17.6&#8243; _module_preset=\u00bbdefault\u00bb text_font=\u00bbPoppins||||||||\u00bb text_text_color=\u00bb#FFFFFF\u00bb header_3_font=\u00bbPoppins|600|||||||\u00bb header_3_text_color=\u00bb#FFFFFF\u00bb custom_padding=\u00bb||0px|||\u00bb global_colors_info=\u00bb{}\u00bb]<h3><span>Seguridad y cifrado .<\/span><\/h3>\n<p style=\"text-align: justify;\"><span>Nuestros certificados se emiten a partir del certificado ra\u00edz de GlobalSign de 2048 bits, una de las autoridades m\u00e1s confiables y operativas del mundo.\u00a0Tambi\u00e9n recibir\u00e1 una fuerza de encriptaci\u00f3n de 256 bits entre su cliente y su sitio web, la m\u00e1s fuerte en uso hoy en d\u00eda.<\/span><\/p>[\/et_pb_text][\/et_pb_column][et_pb_column type=\u00bb1_3&#8243; _builder_version=\u00bb4.17.6&#8243; _module_preset=\u00bbdefault\u00bb global_colors_info=\u00bb{}\u00bb][et_pb_text _builder_version=\u00bb4.17.6&#8243; _module_preset=\u00bbdefault\u00bb text_font=\u00bbPoppins||||||||\u00bb text_text_color=\u00bb#FFFFFF\u00bb header_3_font=\u00bbPoppins|600|||||||\u00bb header_3_text_color=\u00bb#FFFFFF\u00bb custom_padding=\u00bb||0px|||\u00bb global_colors_info=\u00bb{}\u00bb]<h3 style=\"text-align: left;\"><span>Compatibilidad con dispositivos m\u00f3viles y navegadores.<\/span><\/h3>\n<p style=\"text-align: justify;\"><span>Compatible con navedorores y dispositivos m\u00f3viles en un 99.9%<\/span><\/p>[\/et_pb_text][\/et_pb_column][\/et_pb_row][et_pb_row column_structure=\u00bb1_3,1_3,1_3&#8243; _builder_version=\u00bb4.17.6&#8243; _module_preset=\u00bbdefault\u00bb global_colors_info=\u00bb{}\u00bb][et_pb_column type=\u00bb1_3&#8243; _builder_version=\u00bb4.17.6&#8243; _module_preset=\u00bbdefault\u00bb global_colors_info=\u00bb{}\u00bb][et_pb_text _builder_version=\u00bb4.17.6&#8243; _module_preset=\u00bbdefault\u00bb text_font=\u00bbPoppins||||||||\u00bb text_text_color=\u00bb#FFFFFF\u00bb header_3_font=\u00bbPoppins|600|||||||\u00bb header_3_text_color=\u00bb#FFFFFF\u00bb custom_padding=\u00bb||0px|||\u00bb hover_enabled=\u00bb0&#8243; global_colors_info=\u00bb{}\u00bb sticky_enabled=\u00bb0&#8243;]<h3><span>Especificaciones del producto<\/span><\/h3>\n<ul class=\"row check-listing\">\n<li class=\"col-md-6 col-lg-4\"><span>Emisi\u00f3n en 3 minutos o menos.<\/span><\/li>\n<li class=\"col-md-6 col-lg-4\"><span><span>Licencias de servidor ilimitadas.<\/span><\/span><\/li>\n<li class=\"col-md-6 col-lg-4\"><span><span>Totalmente compatible con WebTrust.<\/span><\/span><\/li>\n<li class=\"col-md-6 col-lg-4\"><span><span>Fuerza de ra\u00edz de 2048 bits.<\/span><\/span><\/li>\n<\/ul>\n<p>&nbsp;<\/p>\n<p style=\"text-align: justify;\"><\/p>[\/et_pb_text][\/et_pb_column][et_pb_column type=\u00bb1_3&#8243; _builder_version=\u00bb4.17.6&#8243; _module_preset=\u00bbdefault\u00bb global_colors_info=\u00bb{}\u00bb][et_pb_text _builder_version=\u00bb4.17.6&#8243; _module_preset=\u00bbdefault\u00bb text_font=\u00bbPoppins||||||||\u00bb text_text_color=\u00bb#FFFFFF\u00bb header_3_font=\u00bbPoppins|600|||||||\u00bb header_3_text_color=\u00bb#FFFFFF\u00bb custom_padding=\u00bb||0px|||\u00bb hover_enabled=\u00bb0&#8243; global_colors_info=\u00bb{}\u00bb sticky_enabled=\u00bb0&#8243;]<h3><span>Especificaciones del producto .<\/span><\/h3>\n<ul class=\"row check-listing\">\n<li class=\"col-md-6 col-lg-4\"><span>Soporte completo para navegadores y dispositivos m\u00f3viles.<\/span><\/li>\n<li class=\"col-md-6 col-lg-4\"><span><span>Sello de sitio seguro en el que se puede hacer clic.<\/span><\/span><\/li>\n<\/ul>[\/et_pb_text][\/et_pb_column][et_pb_column type=\u00bb1_3&#8243; _builder_version=\u00bb4.17.6&#8243; _module_preset=\u00bbdefault\u00bb global_colors_info=\u00bb{}\u00bb][et_pb_text _builder_version=\u00bb4.17.6&#8243; _module_preset=\u00bbdefault\u00bb text_font=\u00bbPoppins||||||||\u00bb text_text_color=\u00bb#FFFFFF\u00bb header_3_font=\u00bbPoppins|600|||||||\u00bb header_3_text_color=\u00bb#FFFFFF\u00bb custom_padding=\u00bb||0px|||\u00bb hover_enabled=\u00bb0&#8243; global_colors_info=\u00bb{}\u00bb sticky_enabled=\u00bb0&#8243;]<h3 style=\"text-align: left;\"><span>Especificaciones del producto.<\/span><\/h3>\n<ul class=\"row check-listing\">\n<li class=\"col-md-6 col-lg-4\"><span>Fuerza de cifrado de 256 bits.<\/span><\/li>\n<li class=\"col-md-6 col-lg-4\"><span><span>Asegura tanto www como no www.<\/span><\/span><\/li>\n<li class=\"col-md-6 col-lg-4\">Reemisiones ilimitadas sin costo<span><\/span><\/li>\n<\/ul>[\/et_pb_text][\/et_pb_column][\/et_pb_row][\/et_pb_section]\n","protected":false},"excerpt":{"rendered":"<p>AlphaSSL \u00a0(DV) Un certificado de emisi\u00f3n r\u00e1pida y ultra confiable.\u00a0 Tipo de Validaci\u00f3n:\u00a0DV ___________________ Reedici\u00f3n:\u00a0ilimitada ___________________ Emisi\u00f3n: 5 minutos ___________________ Garant\u00eda:\u00a0$50,000 Descripci\u00f3n del ProductoGarant\u00eda y autenticaci\u00f3n. Proteja transacciones, inicios de sesi\u00f3n y m\u00e1s en menos de 3 minutos.\u00a0 Todos los navegadores y dispositivos m\u00f3viles populares conf\u00edan transparentemente en AlphaSSL Seguridad y cifrado . Nuestros certificados [&hellip;]<\/p>\n","protected":false},"author":1,"featured_media":0,"parent":0,"menu_order":0,"comment_status":"closed","ping_status":"closed","template":"","meta":{"_et_pb_use_builder":"on","_et_pb_old_content":"","_et_gb_content_width":"","footnotes":""},"class_list":["post-6713","page","type-page","status-publish","hentry"],"aioseo_notices":[],"_hostinger_reach_plugin_has_subscription_block":false,"_hostinger_reach_plugin_is_elementor":false,"_links":{"self":[{"href":"https:\/\/networkssl.com\/index.php\/wp-json\/wp\/v2\/pages\/6713","targetHints":{"allow":["GET"]}}],"collection":[{"href":"https:\/\/networkssl.com\/index.php\/wp-json\/wp\/v2\/pages"}],"about":[{"href":"https:\/\/networkssl.com\/index.php\/wp-json\/wp\/v2\/types\/page"}],"author":[{"embeddable":true,"href":"https:\/\/networkssl.com\/index.php\/wp-json\/wp\/v2\/users\/1"}],"replies":[{"embeddable":true,"href":"https:\/\/networkssl.com\/index.php\/wp-json\/wp\/v2\/comments?post=6713"}],"version-history":[{"count":12,"href":"https:\/\/networkssl.com\/index.php\/wp-json\/wp\/v2\/pages\/6713\/revisions"}],"predecessor-version":[{"id":7755,"href":"https:\/\/networkssl.com\/index.php\/wp-json\/wp\/v2\/pages\/6713\/revisions\/7755"}],"wp:attachment":[{"href":"https:\/\/networkssl.com\/index.php\/wp-json\/wp\/v2\/media?parent=6713"}],"curies":[{"name":"wp","href":"https:\/\/api.w.org\/{rel}","templated":true}]}}